thousands digit of s(-70)?
1
Let c be (1 - (-8)/(-6))/((-82)/738). Let y(d) = 304*d + 59. What is the tens digit of y(c)?
7
Let u = -111 + 155. Let w = u + 194. What is the units digit of w?
8
Suppose -4*i = 5*f - f - 86400, -5*f = -3*i - 108024. What is the ten thousands digit of f?
2
What is the units digit of (-6864)/(-120)*(-3 + 2)*-85?
2
Suppose -10*q + 194 = -146. Suppose -q*l + 4338 = -4570. What is the units digit of l?
2
Suppose 0 = -3*u - 3*z - 9, 3*u - 6*u = -5*z - 15. Let n be u/2*((-2)/(-4) + -1). Let w(s) = -2*s**2 + 2*s + 54. What is the tens digit of w(n)?
5
Let o(u) = 20*u - 81 - 29*u + 119*u + u. What is the hundreds digit of o(3)?
2
Let a be -60 + 3/(2 - -1). Let z = a - -64. Suppose 0*w = w - 5*b - 29, z*w = 2*b + 122. What is the units digit of w?
4
Suppose 4*v - 2*j = -4456, -3*j = -v - 1086 - 38. Let x = v + 2046. What is the tens digit of x?
3
Let m = 43396 + -25731. What is the ten thousands digit of m?
1
Let m(p) = p**3 - 11*p**2 + 15*p + 12. Suppose 16*r - 20 = 14*r. What is the units digit of m(r)?
2
Let x = 355 - -114. Let l = -330 + x. What is the tens digit of l?
3
Let j = -51 - -52. What is the thousands digit of (1045/(-2) - j)/(58/(-116))?
1
Suppose 19*r - 16908 - 14797 = 56835. What is the units digit of r?
0
Let v = -505 + 12725. Suppose 13*g - v = -0*g. What is the hundreds digit of g?
9
Let z(d) = -26*d - 68. Let c be z(-19). Suppose 83*a - c = 82*a. What is the tens digit of a?
2
Let r(x) = -12*x**3 - 6*x**2 - 2*x + 1. Let h(k) = 3*k**3 - 8*k**2 + 13*k + 4. Let f be h(4). Let j = f + -122. What is the tens digit of r(j)?
7
Let x(g) = g**3 + 2*g**2 - 5*g + 11. Let p be x(-3). What is the units digit of (990 - -1)*(p - 16)?
1
Suppose 192839 = 3*o - m, o - 262*m - 64281 = -263*m. What is the hundreds digit of o?
2
Suppose -55 = -6*d + 11. Suppose d*n - 5*n = 60. Suppose h + 290 = 3*h + l, 5*l = n. What is the tens digit of h?
4
Suppose -3*k + 4 = -k. What is the hundreds digit of -3 - (k + -8) - -299?
3
Suppose -18*y + 51546 = 5*b - 20*y, 0 = 2*b + 2*y - 20638. What is the ten thousands digit of b?
1
Let y = 2756 + -4842. Let s = 27 - 16. What is the tens digit of 6/33 + (y/s)/(-2)?
9
Let x(g) = -5618*g + 5985. What is the units digit of x(-6)?
3
Suppose -27709 = 19*z - 20*z - 4*d, -4*d - 138353 = -5*z. What is the ten thousands digit of z?
2
What is the hundreds digit of ((-10)/(-15))/((-12)/(-62262))?
4
Suppose -14*u = 5245 - 88194 - 46509. What is the hundreds digit of u?
2
Let o = 31492 + -19219. What is the thousands digit of o?
2
Suppose -8 = -0*u - 4*u. Suppose 2*s = 4*f + 54, -u*f - 3 = -s - 6*f. Suppose 0*v + s = v. What is the units digit of v?
9
Suppose -2843*w = -2857*w + 153510. What is the ten thousands digit of w?
1
Let o = 11551 + -4052. What is the hundreds digit of o?
4
Let n(d) = 6*d**3 + 20*d**2 - 19*d - 6. Let y(r) = 4*r + 43 - 10*r + 2*r**3 + 7*r**2 - 45. Let t(x) = -3*n(x) + 8*y(x). What is the hundreds digit of t(-5)?
1
What is the tens digit of ((-24)/(-20))/(21/214760)?
7
Suppose -n - 154*g = -151*g - 61604, 3*n - 184836 = -5*g. What is the hundreds digit of n?
6
Let k(v) be the second derivative of v**4/2 - v**3/6 - 40*v**2 - 96*v. What is the units digit of k(7)?
7
Let x(k) = -3*k**3 - 64*k**2 - 19*k + 118. What is the tens digit of x(-24)?
8
Let s be 995 + 8/(8/1). Suppose 13*w - s - 668 = 0. What is the units digit of w?
8
Suppose -102*d + 100*d = 0. Suppose -5*w = d, 3*b + 5*w - 4360 = -2*b. What is the tens digit of b?
7
Let y be 65/((-3 + (-88)/(-32))/(-1)*4). Let d(z) = 83*z**2 + z - 1. Let u be d(1). Let q = y + u. What is the units digit of q?
8
Let c(g) = 1553*g - 1124. What is the tens digit of c(12)?
1
Let b be 62*(-5 + -1 - -7). Suppose y - 38 = b. What is the units digit of y?
0
Let j(n) = 220*n - 157. Suppose 37*x - 13*x - 72 = 0. What is the units digit of j(x)?
3
Let r(i) = -7*i + 75. Let l be r(-34). What is the units digit of l - ((-2 + 11)/(-3) - -4)?
2
Let a = -1060 + 1484. Suppose -7*q - a + 2685 = 0. What is the units digit of q?
3
Suppose 4*n - b - 58151 = 0, 58179 = -47*n + 51*n - 5*b. What is the tens digit of n?
3
Let j = 8284 - 5401. What is the thousands digit of j?
2
Let v = -76 + 87. Let w(u) = 3*u**3 + 0*u**3 - 2 - 2*u - 21*u**3 - v*u**3. What is the units digit of w(-1)?
9
Let t(g) = 2*g**2 - 2*g - 4. Let u be t(0). What is the hundreds digit of 3/(-6) + u + (-2935)/(-10)?
2
Suppose y - 16 = -3*q - 0*q, -5*y - 40 = -5*q. Suppose -s - q*s = -658. What is the units digit of s?
4
Suppose 60*f - 1089360 = -30*f. What is the thousands digit of f?
2
Suppose -618*f + 27338587 - 2308969 = 0. What is the tens digit of f?
0
Let f be 1 - (2 + 0 + 1). Let n be (1/(-3))/(f/12). Suppose -3*j + 27 = -n*j. What is the units digit of j?
7
Suppose -3*d + 20 = d. Suppose -t - t + 3*f = -142, d*t - 2*f = 344. Suppose 3*m + m - t = 0. What is the units digit of m?
7
What is the tens digit of (-120)/8 - (10 + -2337)?
1
Suppose 0 = -390*f + 2684263 + 8276297. What is the tens digit of f?
0
Suppose -5*h + 82732 + 24823 = -4*i, 0 = 5*h - 3*i - 107555. What is the units digit of h?
1
What is the thousands digit of 251*(-22)/((-176)/60)*(-124)/(-6)?
8
Let r(w) = -w**3 + 7*w**2 + 9*w + 6. Let q be r(4). Let s = q - 28. What is the tens digit of s?
6
Suppose 20*v - 18 = 14*v. Suppose -7*o + 4*o - 4*m - 17 = 0, 5 = -v*o + 2*m. Let u(w) = 2*w**2 + 4*w + 6. What is the tens digit of u(o)?
1
Suppose -x - 69*y + 70*y = -32360, -y = -4*x + 129440. What is the tens digit of x?
6
Suppose 7*c - 16 = -4*s + 11*c, 5*c = s - 4. Suppose -u + 493 = s*h, 4*h - 1276 = -4*u + 720. What is the tens digit of u?
0
What is the hundreds digit of 3/(0 - 3) + -4 - -13335?
3
Let r(u) = -58*u + 15. Let o be r(-11). Let m = o + -173. What is the tens digit of m?
8
Suppose i + 5 = 11. Let y(z) = -z**3 + 7*z**2 - 3*z + 13. Let g be y(i). What is the units digit of g/4 + 4*12/(-64)?
7
Suppose 150804 = 4*o - 2*b, -4383*o = -4378*o - 2*b - 188508. What is the thousands digit of o?
7
Suppose 43*m - 68*m + 491124 = -28926. What is the hundreds digit of m?
8
Let z(x) = -1530*x - 2173. What is the thousands digit of z(-24)?
4
Let d = 2251 + 15644. What is the units digit of d?
5
Let w(v) = 15*v**3 + 3*v**2 - 4*v + 4. Let a be w(3). Suppose -n + 3*n + a = 0. What is the units digit of 5*(1 + n/(-20))?
8
Let y(t) = 3*t**3 - 10*t**2 - 4*t + 1. Let q be y(4). Let g(b) = b - 29. Let x be g(q). What is the tens digit of -2 + 2768/18 - x/54?
5
Let d(v) = -62*v - 85. Let r(s) = 42*s + 56. Let g(k) = 5*d(k) + 8*r(k). What is the hundreds digit of g(8)?
2
Suppose 180 + 3928 = 26*t. Suppose -r + t = 3*j - 155, -r - j + 307 = 0. What is the hundreds digit of r?
3
What is the hundreds digit of ((-1)/2)/(32690/(-130744) + (-95)/(-380))?
3
Let k = 986 + -642. Suppose 27*c + k = 13817. What is the tens digit of c?
9
Suppose 9*o + 2*o = 7*o + 38216. What is the units digit of o?
4
Suppose -7*g + 2*g = -g. Suppose 0 = -g*p + 5*p + 10. Let d(h) = 8*h**2 - 4*h - 5. What is the tens digit of d(p)?
3
Let a be 213/2*10/15. Suppose 21*t = 20*t + a. Suppose 0 = 72*z - t*z - 86. What is the units digit of z?
6
Suppose 0 = 59*m - 58*m - 1. Let b be ((-3)/m)/((-18)/384). Let d = -61 + b. What is the units digit of d?
3
Suppose -428*x = -431*x + 957. Suppose 3*w = r + 2*w - x, -5*r + 1583 = -w. What is the units digit of r?
6
Let s = -120 + 127. Suppose 0 = -12*h + s*h, 0 = 4*w + 4*h - 1692. What is the tens digit of w?
2
Let v(b) = b**3 - 5*b**2 - b - 11. Let n be v(6). Suppose 0 = -n*f + 13*f + 306. Let k = -48 + f. What is the units digit of k?
3
Suppose 4*z - 163 = -v, 0*z - 736 = -4*v + 5*z. Let h = v + -89. Suppose -h*c + 562 = -88*c. What is the units digit of c?
1
Let h = 634 - -536. Suppose -j - h = 1175. What is the tens digit of (-4)/6 - j/21?
1
Let i = 67 + -47. Suppose -21*j + 16*j + 25 = 0. Suppose -j*o - 10 = -i. What is the units digit of o?
2
What is the tens digit of (-263)/((-450)/(-153) - 3)?
7
Suppose x + 907 - 9593 = 2553. What is the thousands digit of x?
1
Let o = 39 - 36. Suppose o*x - 57 = 2*c, 15 + 39 = 3*x - c. Let m(u) = u**2 - 16*u - 2. What is the units digit of m(x)?
5
Let n = -14337 - -25961. What is the hundreds digit of n?
6
What is the hundreds digit of (3/(-12)*1517)/(-3*(-16)/(-192))?
5
Suppose 3*z 